actors of 1548159.
3, 516053
What are the prime factors of 611738?
2, 263, 1163
What are the prime factors of 42780?
2, 3, 5, 23, 31
List the prime factors of 181256.
2, 139, 163
What are the prime factors of 5955446?
2, 7, 37, 11497
What are the prime factors of 10760514?
2, 3, 1793419
What are the prime factors of 661190?
2, 5, 37, 1787
List the prime factors of 169613.
19, 79, 113
List the prime factors of 150046.
2, 13, 29, 199
List the prime factors of 610645.
5, 7, 73, 239
What are the prime factors of 1454646?
2, 3, 242441
List the prime factors of 1429813.
7, 11, 31, 599
List the prime factors of 22808813.
1031, 22123
List the prime factors of 1176708.
2, 3, 13, 19, 397
What are the prime factors of 9332459?
9332459
What are the prime factors of 19272287?
79, 243953
What are the prime factors of 300417?
3, 13, 7703
List the prime factors of 890344.
2, 7, 13, 1223
List the prime factors of 220448.
2, 83
What are the prime factors of 2030711?
2030711
List the prime factors of 41206.
2, 11, 1873
List the prime factors of 218787.
3, 233, 313
What are the prime factors of 19796055?
3, 5, 1319737
List the prime factors of 23232620.
2, 5, 71, 16361
List the prime factors of 5496763.
17, 323339
List the prime factors of 2104747.
2104747
List the prime factors of 6849349.
13, 53, 9941
List the prime factors of 6183525.
3, 5, 29, 2843
List the prime factors of 75666.
2, 3, 12611
List the prime factors of 26088.
2, 3, 1087
What are the prime factors of 351155?
5, 7, 79, 127
List the prime factors of 15966198.
2, 3, 613, 1447
What are the prime factors of 4537015?
5, 7, 129629
List the prime factors of 3250536.
2, 3, 17, 31, 257
List the prime factors of 964056.
2, 3, 40169
What are the prime factors of 360721?
137, 2633
What are the prime factors of 537890?
2, 5, 19, 149
List the prime factors of 5987920.
2, 5, 29, 89
What are the prime factors of 7063319?
31, 227849
List the prime factors of 19011709.
97, 195997
List the prime factors of 26806.
2, 13, 1031
What are the prime factors of 224931?
3, 7, 10711
What are the prime factors of 201961?
201961
List the prime factors of 343583.
343583
What are the prime factors of 1817260?
2, 5, 90863
List the prime factors of 1082207.
7, 53, 2917
List the prime factors of 19737971.
11, 1794361
List the prime factors of 229379.
23, 9973
What are the prime factors of 687634?
2, 343817
List the prime factors of 9446691.
3, 3148897
List the prime factors of 10374153.
3, 151, 22901
List the prime factors of 319621.
137, 2333
List the prime factors of 2386541.
1523, 1567
What are the prime factors of 11707999?
11707999
What are the prime factors of 251336?
2, 89, 353
What are the prime factors of 88562?
2, 44281
What are the prime factors of 188393?
23, 8191
What are the prime factors of 3316987?
3316987
What are the prime factors of 7822078?
2, 11, 355549
List the prime factors of 2937278.
2, 1468639
What are the prime factors of 376742?
2, 113, 1667
List the prime factors of 9698501.
9698501
What are the prime factors of 10538080?
2, 5, 7, 97
List the prime factors of 5486342.
2, 17, 161363
List the prime factors of 9373147.
7, 823, 1627
What are the prime factors of 391018?
2, 193, 1013
List the prime factors of 3304161.
3, 7, 179, 293
List the prime factors of 320963.
47, 6829
What are the prime factors of 1960898?
2, 980449
List the prime factors of 2947076.
2, 11, 6089
What are the prime factors of 1425691?
83, 89, 193
What are the prime factors of 214882?
2, 107441
List the prime factors of 5266376.
2, 181, 3637
What are the prime factors of 13932452?
2, 17, 331, 619
What are the prime factors of 3908629?
3908629
What are the prime factors of 19246896?
2, 3, 14851
List the prime factors of 749198.
2, 521, 719
What are the prime factors of 1675216?
2, 104701
What are the prime factors of 349761?
3, 23, 37, 137
List the prime factors of 11743892.
2, 23, 107, 1193
List the prime factors of 2143207.
11, 17, 73, 157
What are the prime factors of 2151664?
2, 89, 1511
List the prime factors of 16642277.
47, 354091
What are the prime factors of 68181?
3, 22727
What are the prime factors of 171469?
171469
List the prime factors of 5271010.
2, 5, 61, 8641
What are the prime factors of 11065982?
2, 41, 134951
List the prime factors of 7061107.
457, 15451
What are the prime factors of 18064527?
3, 13, 479, 967
What are the prime factors of 529439?
499, 1061
What are the prime factors of 201062?
2, 229, 439
What are the prime factors of 267013?
137, 1949
List the prime factors of 2542267.
7, 13, 307
What are the prime factors of 687659?
7, 193, 509
List the prime factors of 104326.
2, 52163
List the prime factors of 27921533.
41, 773, 881
What are the prime factors of 30135079?
13, 397, 5839
What are the prime factors of 495104?
2, 967
What are the prime factors of 444695?
5, 19, 31, 151
List the prime factors of 56266.
2, 7, 4019
List the prime factors of 1506278.
2, 753139
What are the prime factors of 270742?
2, 17, 7963
What are the prime factors of 918009?
3, 102001
What are the prime factors of 728232?
2, 3, 19, 1597
List the prime factors of 12313042.
2, 7, 557, 1579
List the prime factors of 1822063.
1822063
What are the prime factors of 6648070?
2, 5, 11, 13, 4649
List the prime factors of 20923760.
2, 5, 11, 13, 31, 59
What are the prime factors of 43685?
5, 8737
List the prime factors of 232751.
232751
List the prime factors of 1927721.
19, 71, 1429
What are the prime factors of 6582209?
23, 47, 6089
List the prime factors of 460641.
3, 233, 659
What are the prime factors of 1686085?
5, 337217
What are the prime factors of 2322625?
5, 17, 1093
What are the prime factors of 101651?
11, 9241
List the prime factors of 87715.
5, 53, 331
List the prime factors of 2995340.
2, 5, 149767
List the prime factors of 177168.
2, 3, 3691
List the prime factors of 927954.
2, 3, 31, 1663
List the prime factors of 90009.
3, 73, 137
List the prime factors of 58085.
5, 11617
List the prime factors of 501579.
3, 13, 1429
What are the prime factors of 9286850?
2, 5, 185737
What are the prime factors of 12571490?
2, 5, 37, 61, 557
What are the prime factors of 556475?
5, 22259
What are the prime factors of 11788567?
7, 34369
What are the prime factors of 276319?
276319
What are the prime factors of 5335577?
13, 257, 1597
List the prime factors of 640405.
5, 263, 487
What are the prime factors of 131920?
2, 5, 17, 97
List the prime factors of 270815.
5, 54163
What are the prime factors of 19549702?
2, 41, 419, 569
List the prime factors of 6036837.
3, 479, 4201
List the prime factors of 547504.
2, 19, 1801
What are the prime factors of 60545?
5, 12109
What are the prime factors of 7371796?
2, 1842949
List the prime factors of 641849.
13, 97, 509
List the prime factors of 244560.
2, 3, 5, 1019
What are the prime factors of 28015188?
2, 3, 43, 54293
What are the prime factors of 36649494?
2, 3, 7, 290869
What are the prime factors of 3351918?
2, 3, 89, 6277
List the prime factors of 2310464.
2, 13, 2777
List the prime factors of 7952477.
13, 611729
List the prime factors of 165478.
2, 17, 31, 157
What are the prime factors of 7897264?
2, 493579
List the prime factors of 1658896.
2, 103681
What are the prime factors of 1369369?
1369369
List the prime factors of 9325202.
2, 4662601
What are the prime factors of 279369?
3, 3449
What are the prime factors of 9844491?
3, 3281497
List the prime factors of 10130717.
10130717
List the prime factors of 603298.
2, 301649
What are the prime factors of 502407?
3, 55823
List the prime factors of 2480955.
3, 5, 165397
What are the prime factors of 1717902?
2, 3, 29, 1097
List the prime factors of 862954.
2, 17, 1493
List the prime factors of 740101.
271, 2731
List the prime factors of 3081094.
2, 457, 3371
List the prime factors of 175830.
2, 3, 5, 5861
List the prime factors of 18712491.
3, 7, 37, 24083
List the prime factors of 205411.
17, 43, 281
What are the prime factors of 64499?
64499
What are the prime factors of 276205?
5, 37, 1493
What are the prime factors of 78986?
2, 73, 541
List the prime factors of 2611651.
7, 53299
List the prime factors of 1877568.
2, 3, 7, 11, 127
List the prime factors of 3706966.
2, 1853483
List the prime factors of 432259.
17, 47, 541
What are the prime